= r + 51. Calculate the highest common divisor of k and o.
25
Let o(b) = 38*b**3 - b**2 + 2*b - 1. Let t be o(1). Suppose m + 240 = 3*m. Let z = m + -63. What is the greatest common factor of z and t?
19
Suppose 4*m + 6 = 3*i + 5, -5*m - 3*i = -19. Suppose 6*u + m*b - 152 = 2*u, -5*b - 190 = -5*u. Calculate the greatest common factor of u and 38.
38
Let y be 104/(-39)*((-153)/12 - 0). What is the highest common divisor of 17 and y?
17
Let p be (-9 + 3)*81/6. Let u = -161 - p. Let s = -51 - u. What is the greatest common divisor of s and 203?
29
Suppose 0 = -4*z + z + 9. Suppose 7*i - 201 = -19. Suppose z*k = i + 4. What is the greatest common factor of k and 2?
2
Let h = -8589 - -8607. Let i be ((-17)/(-1))/(1 + 0). Let a = 44 - i. Calculate the highest common divisor of a and h.
9
Suppose -5*o = -3*x - 499 - 101, -o = 3*x - 120. Calculate the greatest common divisor of o and 16.
8
Let w = 849 + -136. Calculate the greatest common factor of w and 31.
31
Suppose -4*y - 16 = 0, 3*i - 5*y - 155 = -2*i. Let j = i + 81. Calculate the highest common factor of 24 and j.
12
Suppose j - 967 = -3*u, -349 = -u + 5*j - 0*j. Suppose 0 = -s, -4*s + u = 4*d - 3*s. What is the greatest common factor of 9 and d?
9
Let s = -8 - -10. Suppose 1 = -2*d + 3*n - 27, -s*d - 44 = n. Let g be (-2)/(-5) + (-252)/d. Calculate the highest common divisor of 65 and g.
13
Let b be ((-10)/(-8)*-2)/(18/(-36)). Calculate the greatest common divisor of 135 and b.
5
Let k(b) = 116*b**2 + b + 3. Let n be k(-2). Suppose 65 - n = -10*i. Calculate the highest common factor of 280 and i.
40
Let l(d) = d + 8. Suppose 4*p - 25 = c, 2*p - 4*c - 9 - 7 = 0. Let f be l(p). Calculate the greatest common divisor of f and 98.
14
Let x = 6 - -8. Let n = 31 - 17. Calculate the highest common divisor of x and n.
14
Suppose 4*i - 2*i = 144. Let d = 181 + -172. Calculate the highest common factor of i and d.
9
Let y(h) = h**3 + 8*h**2 - 9. Let p be -2 - (-2 + 7/1). Let a be y(p). Let w = 1325 + -1315. Calculate the greatest common divisor of a and w.
10
Suppose -51 = -2*j + 159. Suppose 0 = -3*l - 9 + 72. Let s = l + -6. What is the greatest common factor of s and j?
15
Let x = -17 - -117. What is the greatest common factor of x and 40?
20
Suppose 2*k - 35 - 165 = 4*y, -370 = -4*k + 2*y. Suppose -3*t = 6*t - k. Calculate the highest common divisor of t and 30.
10
Let c(j) = -3 - 3 - 5*j + 0*j**2 - 2*j**2 + j**2. Let b be c(-7). Let h be (12/b + 1)*90. Calculate the greatest common factor of 4 and h.
4
Let m be (2/(-7) + (-36)/168)*0. Suppose -2*d + 4 = m, 2*d - 3*d = 3*q - 317. What is the greatest common divisor of q and 15?
15
Suppose 0 = -3*s - 2*j + 1448, -266 + 1720 = 3*s - j. What is the highest common divisor of s and 44?
44
Let q be 128/7 - 2/7. Let a(w) be the third derivative of w**5/60 - w**4/24 - w**3/2 - 15*w**2. Let k be a(6). Calculate the highest common divisor of q and k.
9
Let m(f) = f**3 - 18*f**2 + 18*f - 6. Let x be m(17). Let b be 46/(-253) - ((-488)/x)/2. What is the greatest common divisor of 22 and b?
22
Let g = -35 - -32. Let h be (-90)/20*8/g. Let y(l) = -l**3 - l**2 - 1. Let f be y(-2). What is the greatest common factor of h and f?
3
Let o(z) = -34*z + 648. Let m be o(18). What is the greatest common divisor of 36 and m?
36
Suppose -4*v = -4*m + 36, -2*m - 2*m - 5*v = -27. Calculate the highest common factor of 152 and m.
8
Let s be 8 - (-1 + 0 + 0). Suppose -3*w - 15 = -8*w. Suppose 0*v + 246 = 3*v - b, -5*b = -w*v + 258. What is the highest common divisor of s and v?
9
Let t(y) = 61*y**2 - 4*y + 4. Let h be t(2). Suppose 0*c + 10*c = h. Let p(x) = -x + 60. Let j be p(0). What is the greatest common divisor of j and c?
12
Suppose 62 = c + c. Let f = -12 + c. Suppose -22*p - 532 = -26*p. Calculate the highest common divisor of f and p.
19
Suppose -2*z = 4*u - 450, -2*u = 2*z - 284 - 176. What is the greatest common divisor of z and 47?
47
Let q(j) = 39*j**2 - 6*j - 37. Let p be q(-5). What is the highest common divisor of 8 and p?
8
Let c be -372*((-2)/3 - 0). Suppose -71*k + 899 = -1302. What is the highest common divisor of k and c?
31
Let d = -88 + 146. Let i = d - 25. Calculate the highest common factor of 11 and i.
11
Let g(j) be the second derivative of j**3/6 - 2*j**2 - 8*j. Let t be g(8). Suppose -t*y = -95 - 89. Calculate the highest common divisor of y and 23.
23
Suppose -2*k + 0*k = -250. Let p be 58/14 - (-8)/(-56). Let h be 753/15 + p/(-20). What is the highest common divisor of k and h?
25
Let g be 118/5 + 9/(-15). What is the highest common factor of 621 and g?
23
Let t = 36 + -13. Suppose -2*f + t + 9 = 0. Calculate the highest common factor of 24 and f.
8
Let h(d) = 37*d**2 - 3*d + 3. Let u be h(-3). What is the greatest common divisor of u and 15?
15
Let l be (-2)/14 + (-120)/(-56). Suppose 0 = -y - 0*y - l, 5*f + 4*y = 217. Calculate the greatest common divisor of f and 15.
15
Let z = -1396 + 1408. What is the highest common divisor of 420 and z?
12
Let f be 26*(8 - (4 - -3)). Let o(u) = u**3 - 9*u**2 + 2. Let n be o(9). What is the greatest common factor of f and n?
2
Suppose -3*o = -1 - 71. Suppose o = 2*v - v. Let j be 60 - 0/(4/2). Calculate the greatest common divisor of v and j.
12
Suppose 4*x + 32 = n + n, -n + 5*x = -13. Let l be n/4*(-6)/(-9). Let f be 2/((-2)/(-93)) - l. What is the highest common factor of 10 and f?
10
Suppose h + m - 5 - 5 = 0, -3*h + 2*m = -45. Let y = h + 21. What is the greatest common divisor of y and 51?
17
Suppose -1137 = -4*a + 143. Calculate the highest common factor of 10 and a.
10
Let o = -10 - -25. Let z be (3/6)/(((-6)/(-244))/3). Let v = z - 16. Calculate the greatest common divisor of o and v.
15
Suppose m + m = 38. Let r be m/(-2)*5*-2. Suppose -20 - 94 = -3*j. What is the greatest common factor of j and r?
19
Suppose -5*m - 64 = -9*m. Suppose -v - m = -25. Calculate the greatest common factor of 45 and v.
9
Let u be (-3 - 4/(-3))*-42. What is the highest common divisor of 20 and u?
10
Suppose -781 + 173 = -8*r. Calculate the highest common factor of r and 494.
38
Let u = 64 - 56. Let d = 11 + -6. Suppose -2*o + o + d = 0, -4*f - 3*o + 367 = 0. What is the highest common divisor of f and u?
8
Suppose q + 30 = 3*q. Let h = -15 + q. Let w be (h - 1) + (2 - -11). What is the highest common factor of 30 and w?
6
Let w = 14 - 14. Suppose w = 2*o + 40 - 96. Calculate the highest common factor of o and 7.
7
Let k(u) = -u**2 - 12*u - 32. Let p be k(-8). Let f be (-13)/(p - 1) + 1. What is the greatest common factor of 140 and f?
14
Suppose 25*m - 4*m - 71463 = 0. Calculate the highest common divisor of 41 and m.
41
Suppose 0 = -4*n + 20, 0 = -5*i - n - 3*n + 620. What is the greatest common divisor of 135 and i?
15
Suppose 2*r = -4*m + 1096, 0 = -3*m + m + 3*r + 564. Let q = m + -133. What is the highest common divisor of q and 13?
13
Let c = 282 + -269. What is the greatest common divisor of c and 65?
13
Let c(g) = 5*g - 113. Let o be c(23). What is the highest common factor of o and 136?
2
Let x(r) = 5*r - 8. Let j be x(2). Suppose j*y - 12 = -y - 3*d, y = -2*d + 3. Suppose y*a - 49 = -4. What is the greatest common divisor of a and 1?
1
Let m(x) = 2*x**2 - 3*x + 16. Suppose -7*l = -12*l + 40. Let c be m(l). Calculate the greatest common divisor of c and 24.
24
Let s = 238 - 144. What is the highest common factor of 1222 and s?
94
Suppose 8*h - 24 = 2*h. Suppose 0 = -h*l - 139 + 539. What is the highest common factor of 20 and l?
20
Let a(v) = -v**2 + 9*v + 6. Let b be a(8). Let g be 102/b - 9/(63/2). What is the greatest common divisor of g and 35?
7
Let z = 0 - -10. Suppose k = -2*x + 19, -2*x + 2*k + 19 + 3 = 0. Calculate the greatest common divisor of x and z.
10
Let w = 203 - 56. Calculate the highest common factor of w and 21.
21
Suppose -241 = -5*t - 11. Let y = 67 - t. What is the greatest common factor of 63 and y?
21
Suppose -4*h + 4*v = -4, -v + 18 = 4*h + 4. What is the greatest common divisor of 21 and h?
3
Let a = 2297 - -135. What is the greatest common factor of a and 76?
76
Let t be 1 + (-12 - -286)*1. Calculate the greatest common divisor of t and 22.
11
Let j be (28/294*-3)/((-1)/14). Let p(b) = b**2 + 3*b - 2. Let s(v) = v + 6. Let z be s(-3). Let m be p(z). Calculate the greatest common d